{"id":221,"date":"2017-04-21T16:25:37","date_gmt":"2017-04-21T16:25:37","guid":{"rendered":"http:\/\/winklerltda.cl\/quimicav2\/?page_id=221"},"modified":"2018-12-12T10:48:18","modified_gmt":"2018-12-12T13:48:18","slug":"microbiologia","status":"publish","type":"page","link":"https:\/\/winklerltda.cl\/quimicav2\/microbiologia\/","title":{"rendered":"Microbiolog\u00eda"},"content":{"rendered":"<div class=\"wpb-content-wrapper\"><p>[vc_row css_animation=\u00bb\u00bb row_type=\u00bbrow\u00bb use_row_as_full_screen_section=\u00bbno\u00bb type=\u00bbfull_width\u00bb angled_section=\u00bbno\u00bb text_align=\u00bbleft\u00bb background_image_as_pattern=\u00bbwithout_pattern\u00bb css=\u00bb.vc_custom_1492647274722{margin-top: 0px !important;margin-bottom: 0px !important;padding-top: 40px !important;padding-bottom: 40px !important;}\u00bb][vc_column el_class=\u00bbmicro-tab\u00bb][vc_tabs style=\u00bbvertical_left\u00bb][vc_tab title=\u00bbMedios de cultivo deshidratados\u00bb tab_id=\u00bb62d015a5-fa97-9&#8243;][vc_row_inner row_type=\u00bbrow\u00bb type=\u00bbfull_width\u00bb text_align=\u00bbleft\u00bb css_animation=\u00bb\u00bb][vc_column_inner width=\u00bb2\/3&#8243;][vc_column_text]<\/p>\n<h3 class=\"micro-titulo\">Medios de cultivo deshidratados<\/h3>\n<h4 class=\"micro-sub\">180 a\u00f1os de experiencia en Microbiolog\u00eda<\/h4>\n<p>BD investiga, desarrolla y fabrica medios de cultivos deshidratados de alta calidad a un precio adecuado, lo que asegura excelentes resultados, reduciendo costos por repetici\u00f3n de an\u00e1lisis en laboratorio.<\/p>\n<h4 class=\"micro-sub\">Amplia variedad<\/h4>\n<p>Medios de cultivo, peptonas e ingredientes, en distintas presentaciones.<\/p>\n<h4 class=\"micro-sub\">GOLD standard<\/h4>\n<p>Marcas BD DIFCO\u2122 v BD BBL\u2122.<\/p>\n<h4 class=\"micro-sub\">Planta en USA certificada en ISO 9001<\/h4>\n<p>Fabricaci\u00f3n con altos controles de calidad, por lo tanto la consistencia lote a lote es muy alta.<\/p>\n<h4 class=\"micro-sub\">Documentaci\u00f3n on-line<\/h4>\n<p>Cultivo, Fichas t\u00e9cnicas y Certificados de an\u00e1lisis y calidad, disponibles en <a href=\"http:\/\/www.bd.com\" target=\"_blank\" rel=\"noopener noreferrer\">www.bd.com<\/a>[\/vc_column_text][\/vc_column_inner][vc_column_inner width=\u00bb1\/3&#8243;][\/vc_column_inner][\/vc_row_inner][\/vc_tab][vc_tab title=\u00bbPlacas preparadas\u00bb tab_id=\u00bbe286a0db-8641-2&#8243;][vc_row_inner row_type=\u00bbrow\u00bb type=\u00bbfull_width\u00bb text_align=\u00bbleft\u00bb css_animation=\u00bb\u00bb][vc_column_inner width=\u00bb2\/3&#8243;][vc_column_text]<\/p>\n<h3 class=\"micro-titulo\">Placas preparadas<\/h3>\n<p style=\"text-align: justify;\">Placas de pl\u00e1stico poliestireno, llenadas as\u00e9pticamente y esterilizadas con rayos gamma.<\/p>\n<p style=\"text-align: justify;\">Nivel de esterilidad asegurada (SAL)10-6.<br \/>\nVida \u00fatil de 16 semanas aprox.<\/p>\n<p style=\"text-align: justify;\">Empaque 12, 20 y 100 placas, envueltas en bolsas transparentes.<\/p>\n<p style=\"text-align: justify;\">Validadas para proteger el medio de VHP (Vaporized Hydrogen Perioxide).<\/p>\n<p style=\"text-align: justify;\">variedad de Chromagares.<\/p>\n<p>[\/vc_column_text][\/vc_column_inner][vc_column_inner width=\u00bb1\/3&#8243;][\/vc_column_inner][\/vc_row_inner][\/vc_tab][vc_tab title=\u00bbMonitoreo ambiental\u00bb tab_id=\u00bb1493692952754-2-5&#8243;][vc_row_inner row_type=\u00bbrow\u00bb type=\u00bbfull_width\u00bb text_align=\u00bbleft\u00bb css_animation=\u00bb\u00bb][vc_column_inner width=\u00bb2\/3&#8243;][vc_column_text]<\/p>\n<h3 class=\"micro-titulo\">Monitoreo ambiental<\/h3>\n<h4 class=\"micro-sub\">placas BD Rodac\u2122<\/h4>\n<p style=\"text-align: justify;\">Placas con base c\u00f3ncava que permite el contacto con la superficie a monitorear.<br \/>\nDisponibilidad de diferentes medios de cultivo con o sin neutralizante de desinfectantes, para evitar inhibici\u00f3n del crecimiento bacteriano en la placa.Tapa de seguridad opcional.<br \/>\nNivel de esterilidad asegurada (SAL) 10-5.<br \/>\nDoble y triple empaque disponibles.<\/p>\n<h4 class=\"micro-sub\">T\u00f3rulas<\/h4>\n<p style=\"text-align: justify;\">Tubo de polipropileno prellenado de soluci\u00f3n, con medio de transporte.<br \/>\nNivel de esterilidad asegurada (SAL)10-6<\/p>\n<h4 class=\"micro-sub\">BD HYCHECK\u2122<\/h4>\n<p style=\"text-align: justify;\">Dise\u00f1o de doble superficie que facilita el muestreo de superficies.<\/p>\n<p>[\/vc_column_text][\/vc_column_inner][vc_column_inner width=\u00bb1\/3&#8243;][\/vc_column_inner][\/vc_row_inner][\/vc_tab][vc_tab title=\u00bbSerolog\u00eda\u00bb tab_id=\u00bb1493692968368-3-6&#8243;][vc_row_inner row_type=\u00bbrow\u00bb type=\u00bbfull_width\u00bb text_align=\u00bbleft\u00bb css_animation=\u00bb\u00bb][vc_column_inner width=\u00bb1\/2&#8243;][vc_column_text]<\/p>\n<h3 class=\"micro-titulo\">Serolog\u00eda<\/h3>\n<p style=\"text-align: justify;\">Antisueros BD DIFCO\u2122.<br \/>\nLiofilizados son el GOLD STANDARD para la tipificaci\u00f3n.<br \/>\nAmplia variedad de antisueros para: Salmonella, Shigella, Listeria, Vibrio y E. coli.<br \/>\nCertificaciones internacionales: GMP, ISO y CE.<br \/>\nF\u00e1ciles de usar, r\u00e1pidos resultados y muy seguros.<\/p>\n<p>[\/vc_column_text][\/vc_column_inner][vc_column_inner width=\u00bb1\/2&#8243;][\/vc_column_inner][\/vc_row_inner][\/vc_tab][vc_tab title=\u00bbSistema de identificaci\u00f3n bacteriana\u00bb tab_id=\u00bb1493692981763-4-2&#8243;][vc_row_inner row_type=\u00bbrow\u00bb type=\u00bbfull_width\u00bb text_align=\u00bbleft\u00bb css_animation=\u00bb\u00bb][vc_column_inner width=\u00bb2\/3&#8243;][vc_column_text]<\/p>\n<h3 class=\"micro-titulo\">Sistema de identificaci\u00f3n bacteriana BD BBL\u2122 Crystal\u2122.<\/h3>\n<p style=\"text-align: justify;\">M\u00e9todo de identificaci\u00f3n en miniatura que utiliza substratos convencionales, fluorog\u00e9nicos, y cromog\u00e9nicos para la identificaci\u00f3n de bacterias.<\/p>\n<p style=\"text-align: justify;\">F\u00e1cil procedimiento sin pipeteo.<\/p>\n<p style=\"text-align: justify;\">No requiere adici\u00f3n de aceitesni reactivos de revelaci\u00f3n, ahorrando costos.<\/p>\n<p style=\"text-align: justify;\">Un panel para GRAM (+) y otro para Ent\u00e9ricos no fermentadores (-), con lo que solo se requiere mantener dos paneles en el laboratorio.<\/p>\n<p>[\/vc_column_text][\/vc_column_inner][vc_column_inner width=\u00bb1\/3&#8243;][\/vc_column_inner][\/vc_row_inner][\/vc_tab][vc_tab title=\u00bbReacciones y tinciones\u00bb tab_id=\u00bb1493693006244-5-10&#8243;][vc_row_inner row_type=\u00bbrow\u00bb type=\u00bbfull_width\u00bb text_align=\u00bbleft\u00bb css_animation=\u00bb\u00bb][vc_column_inner width=\u00bb2\/3&#8243;][vc_column_text]<\/p>\n<h3 class=\"micro-titulo\">Reactivos y tinciones<\/h3>\n<p style=\"text-align: justify;\">Tinciones con colores fuertes no dilu\u00eddos que facilitan la lectura e interpretaci\u00f3n, minimizando los artefactos de t\u00e9cnica.<\/p>\n<p style=\"text-align: justify;\">Envases no gotean, previene manchas y evaporaci\u00f3n.<\/p>\n<p style=\"text-align: justify;\">Frasco gotario regula el flujo para eliminar p\u00e9rdida de reactivo.<\/p>\n<p style=\"text-align: justify;\">Bandeja compacta ofrece una estaci\u00f3n de trabajo.<\/p>\n<p style=\"text-align: justify;\">Reactivos en Droppers de Oxidasa, Catalasa, Coagulasa, Indol, ONPG, VP, entre otros.<br \/>\nStaphyloslide: prueba de aglutinaci\u00f3n de latex, para Staphylococcus aureus.<\/p>\n<p style=\"text-align: justify;\">Ampla variedad en sensidiscos.<\/p>\n<p style=\"text-align: justify;\">Taxo: discos de diferenciaci\u00f3n bacteriana, detecci\u00f3n de antibi\u00f3ticos, discos de diferenciaci\u00f3n basados en utilizaci\u00f3n de Carbohidratos y para detecci\u00f3n de Betamlactamasa.<\/p>\n<p>[\/vc_column_text][\/vc_column_inner][vc_column_inner width=\u00bb1\/3&#8243;][\/vc_column_inner][\/vc_row_inner][\/vc_tab][vc_tab title=\u00bbSistema anaer\u00f3bicos BD GasPak\u00bb tab_id=\u00bb1493693028237-6-9&#8243;][vc_row_inner row_type=\u00bbrow\u00bb type=\u00bbfull_width\u00bb text_align=\u00bbleft\u00bb css_animation=\u00bb\u00bb][vc_column_inner width=\u00bb2\/3&#8243;][vc_column_text]<\/p>\n<h3 class=\"micro-titulo\">Sistema anaer\u00f3bicos BD GASPAK \u2122.<\/h3>\n<p style=\"text-align: justify;\">Sobres generadores de anaerobiosis y microaereofillia.<\/p>\n<p style=\"text-align: justify;\">F\u00e1ciles de usar: se activan en contacto con el aire generando la atm\u00f3sfera requerida en corto tiempo. Indicador de anaerobiosis de f\u00e1cil lectura.<\/p>\n<p>[\/vc_column_text][\/vc_column_inner][vc_column_inner width=\u00bb1\/3&#8243;][\/vc_column_inner][\/vc_row_inner][\/vc_tab][\/vc_tabs][\/vc_column][\/vc_row][vc_row css_animation=\u00bb\u00bb row_type=\u00bbrow\u00bb use_row_as_full_screen_section=\u00bbno\u00bb type=\u00bbfull_width\u00bb angled_section=\u00bbno\u00bb text_align=\u00bbleft\u00bb background_image_as_pattern=\u00bbwithout_pattern\u00bb css=\u00bb.vc_custom_1493694169454{margin-top: 0px !important;margin-bottom: 0px !important;padding-top: 40px !important;padding-bottom: 40px !important;}\u00bb][vc_column][vc_row_inner row_type=\u00bbrow\u00bb type=\u00bbgrid\u00bb text_align=\u00bbleft\u00bb css_animation=\u00bb\u00bb][vc_column_inner][vc_column_text]Para m\u00e1s informaci\u00f3n y cotizaci\u00f3n de estos productos, por favor contactar a su ejecutivo de ventas o al Depto. de Ventas :<br \/>\nFonos :(56-2) 24826513 | 24826560 | 24826561 | <a href=\"mailto:ventas@winklerltda.com\">ventas@winklerltda.com<\/a>[\/vc_column_text][\/vc_column_inner][\/vc_row_inner][\/vc_column][\/vc_row]<\/p>\n<\/div>","protected":false},"excerpt":{"rendered":"<p>[vc_row css_animation=\u00bb\u00bb row_type=\u00bbrow\u00bb use_row_as_full_screen_section=\u00bbno\u00bb type=\u00bbfull_width\u00bb angled_section=\u00bbno\u00bb text_align=\u00bbleft\u00bb background_image_as_pattern=\u00bbwithout_pattern\u00bb css=\u00bb.vc_custom_1492647274722{margin-top: 0px !important;margin-bottom: 0px !important;padding-top: 40px !important;padding-bottom: 40px !important;}\u00bb][vc_column el_class=\u00bbmicro-tab\u00bb][vc_tabs style=\u00bbvertical_left\u00bb][vc_tab title=\u00bbMedios de cultivo deshidratados\u00bb tab_id=\u00bb62d015a5-fa97-9&#8243;][vc_row_inner row_type=\u00bbrow\u00bb type=\u00bbfull_width\u00bb text_align=\u00bbleft\u00bb css_animation=\u00bb\u00bb][vc_column_inner width=\u00bb2\/3&#8243;][vc_column_text] Medios de cultivo deshidratados 180 a\u00f1os de experiencia en Microbiolog\u00eda BD investiga, desarrolla y fabrica medios&#8230;<\/p>\n","protected":false},"author":1,"featured_media":0,"parent":0,"menu_order":0,"comment_status":"closed","ping_status":"closed","template":"","meta":{"footnotes":""},"class_list":["post-221","page","type-page","status-publish","hentry"],"_links":{"self":[{"href":"https:\/\/winklerltda.cl\/quimicav2\/wp-json\/wp\/v2\/pages\/221","targetHints":{"allow":["GET"]}}],"collection":[{"href":"https:\/\/winklerltda.cl\/quimicav2\/wp-json\/wp\/v2\/pages"}],"about":[{"href":"https:\/\/winklerltda.cl\/quimicav2\/wp-json\/wp\/v2\/types\/page"}],"author":[{"embeddable":true,"href":"https:\/\/winklerltda.cl\/quimicav2\/wp-json\/wp\/v2\/users\/1"}],"replies":[{"embeddable":true,"href":"https:\/\/winklerltda.cl\/quimicav2\/wp-json\/wp\/v2\/comments?post=221"}],"version-history":[{"count":12,"href":"https:\/\/winklerltda.cl\/quimicav2\/wp-json\/wp\/v2\/pages\/221\/revisions"}],"predecessor-version":[{"id":876,"href":"https:\/\/winklerltda.cl\/quimicav2\/wp-json\/wp\/v2\/pages\/221\/revisions\/876"}],"wp:attachment":[{"href":"https:\/\/winklerltda.cl\/quimicav2\/wp-json\/wp\/v2\/media?parent=221"}],"curies":[{"name":"wp","href":"https:\/\/api.w.org\/{rel}","templated":true}]}}